{"id":911,"date":"2022-12-29T08:34:06","date_gmt":"2022-12-29T08:34:06","guid":{"rendered":"https:\/\/turkuyilmazkaya-psychotherapie.com\/?page_id=911"},"modified":"2026-01-22T09:10:59","modified_gmt":"2026-01-22T09:10:59","slug":"impressum","status":"publish","type":"page","link":"https:\/\/turkuyilmazkaya-psychotherapie.com\/index.php\/impressum\/","title":{"rendered":"Impressum"},"content":{"rendered":"\t\t<div data-elementor-type=\"wp-page\" data-elementor-id=\"911\" class=\"elementor elementor-911\">\n\t\t\t\t\t\t\t<div class=\"elementor-element elementor-element-1c8ece07 e-container--row e-container\" data-id=\"1c8ece07\" data-element_type=\"container\" id=\"wrapperBox\">\t\t<div class=\"elementor-element elementor-element-f64d3f2 e-container--row e-container\" data-id=\"f64d3f2\" data-element_type=\"container\">\t\t<div class=\"elementor-element elementor-element-6038c23 e-container--column e-container\" data-id=\"6038c23\" data-element_type=\"container\" data-settings=\"{&quot;background_background&quot;:&quot;classic&quot;}\">\t\t<div class=\"elementor-element elementor-element-c7f88ca e-container--column e-container\" data-id=\"c7f88ca\" data-element_type=\"container\">\t\t\t\t<div class=\"elementor-element elementor-element-f8f010b elementor-widget elementor-widget-heading\" data-id=\"f8f010b\" data-element_type=\"widget\" data-widget_type=\"heading.default\">\n\t\t\t\t<div class=\"elementor-widget-container\">\n\t\t\t<style>\/*! elementor - v3.7.8 - 02-10-2022 *\/\n.elementor-heading-title{padding:0;margin:0;line-height:1}.elementor-widget-heading .elementor-heading-title[class*=elementor-size-]>a{color:inherit;font-size:inherit;line-height:inherit}.elementor-widget-heading .elementor-heading-title.elementor-size-small{font-size:15px}.elementor-widget-heading .elementor-heading-title.elementor-size-medium{font-size:19px}.elementor-widget-heading .elementor-heading-title.elementor-size-large{font-size:29px}.elementor-widget-heading .elementor-heading-title.elementor-size-xl{font-size:39px}.elementor-widget-heading .elementor-heading-title.elementor-size-xxl{font-size:59px}<\/style><h2 class=\"elementor-heading-title elementor-size-default\">Impressum<\/h2>\t\t<\/div>\n\t\t\t\t<\/div>\n\t\t\t\t<div class=\"elementor-element elementor-element-b44d9f1 elementor-widget elementor-widget-text-editor\" data-id=\"b44d9f1\" data-element_type=\"widget\" data-widget_type=\"text-editor.default\">\n\t\t\t\t<div class=\"elementor-widget-container\">\n\t\t\t<style>\/*! elementor - v3.7.8 - 02-10-2022 *\/\n.elementor-widget-text-editor.elementor-drop-cap-view-stacked .elementor-drop-cap{background-color:#818a91;color:#fff}.elementor-widget-text-editor.elementor-drop-cap-view-framed .elementor-drop-cap{color:#818a91;border:3px solid;background-color:transparent}.elementor-widget-text-editor:not(.elementor-drop-cap-view-default) .elementor-drop-cap{margin-top:8px}.elementor-widget-text-editor:not(.elementor-drop-cap-view-default) .elementor-drop-cap-letter{width:1em;height:1em}.elementor-widget-text-editor .elementor-drop-cap{float:left;text-align:center;line-height:1;font-size:50px}.elementor-widget-text-editor .elementor-drop-cap-letter{display:inline-block}<\/style>\t\t\t\t<p>Informationspflicht laut \u00a75 E-Commerce Gesetz, \u00a714 Unternehmensgesetzbuch, \u00a763 Gewerbeordnung und\u00a0 Offenlegungspflicht laut \u00a725 Mediengesetz.<\/p><p>Dienstanbieterin &amp; Medieninhaberin:<\/p><p class=\"font_0 wixui-rich-text__text\"><span class=\"wixui-rich-text__text\">Mag.\u00aa <\/span><span class=\"color_20\">T\u00fcrk\u00fc Y\u0131lmazkaya\u00a0<\/span><\/p><p>W\u00e4hrinngerstra\u00dfe 47\/3<\/p><p>1090 Wien<\/p><p>\u00d6sterreich<\/p><p>Telefon: +43 660 956 5508<br \/>E-Mail: turkuyilmazkaya.psychotherapie@gmail.com<\/p><p>Unternehmensgegenstand: Psychotherapie (Verhaltenstherapie)<\/p><p>Gesetzliche Grundlage:\u00a0Psychotherapiegesetz (einsehbar unter\u00a0<a href=\"https:\/\/www.ris.bka.gv.at\/%C2%A0\" target=\"_blank\" rel=\"noopener\">https:\/\/www.ris.bka.gv.at\/\u00a0<\/a>)<\/p><p>Aufsichtsbeh\u00f6rde:\u00a0Bundesministerium f\u00fcr Gesundheit<\/p><p>Berufsbezeichnung: Psychotherapeutin\u00a0 in Ausbildung unter Supervision<\/p><p>Gerichtsstand:\u00a0Wien<\/p><p>Verleihungsstaat:\u00a0\u00d6sterreich<\/p><p>Copyright:<\/p><p>Die auf dieser Website\u00a0ver\u00f6ffentlichten und durch die Autorin selbst erstellten Inhalte und Werke unterliegen dem \u00f6sterreichischen Urheberrecht. Das Copyright f\u00fcr die von der Autorin selbst erstellten Inhalte und Werke bleibt allein bei der Autorin der Seiten. Die Vervielf\u00e4ltigung, Bearbeitung, Verbreitung, \u00dcbersetzung und jede Art der Verwertung der Inhalte und Werke au\u00dferhalb der Grenzen des Urheberrechtes bed\u00fcrfen der schriftlichen Zustimmung der Autorin.<br \/>Downloads und Kopien der Inhalte und Werke sind nur f\u00fcr den privaten, nicht aber den kommerziellen Gebrauch gestattet.<\/p><p>Die Bilder, Fotos und Grafiken auf dieser Webseite sind urheberrechtlich gesch\u00fctzt.<\/p><p>Die Fotorechte liegen bei<\/p><p class=\"font_0 wixui-rich-text__text\"><span class=\"wixui-rich-text__text\">Mag.\u00aa <\/span>T\u00fcrk\u00fc <span class=\"color_20\">Y\u0131lmazkaya<\/span>\u00a0Die verwendeten Grafiken wurden zur kommeriziellen Nutzung k\u00e4uflich erworben: Copyright <a href=\"http:\/\/freepik.com\" target=\"_blank\" rel=\"noopener\">https:\/\/www.freepik.com<\/a><\/p><p>Webdesign: Felix Reiterer<\/p><p>Haftungsausschluss:<\/p><p>Obwohl s\u00e4mtliche Inhalte dieser Website sorgf\u00e4ltig gepr\u00fcft wurden, kann keine Gew\u00e4hr f\u00fcr die Richtigkeit, Vollst\u00e4ndigkeit und Aktualit\u00e4t der Angaben \u00fcbernommen werden. Die publizierten Inhalte stellen weder eine Offerte zur Erbringung von bestimmten Dienstleistungen dar, noch kann aus der Bereitstellung von kostenlosen Informationsdiensten, die auf diesen Seiten angeboten werden, ein k\u00fcnftiges Recht f\u00fcr die weitere Erbringung dieser Leistungen abgeleitet werden.<\/p><p>Es wird keine Verantwortung \u00fcbernommen f\u00fcr die Richtigkeit bzw. Gesetzm\u00e4ssigkeit von Inhalten auf die Hyperlinks (sog. externe Links) direkt oder indirekt verweisen.\u00a0S\u00e4mtliche externen Links sind ausdr\u00fccklich nicht Teil des Angebotes und unterliegen nicht meiner Verantwortung! F\u00fcr die Inhalte dieser externen Webseiten ist stets deren jeweiliger Anbieter bzw. deren jeweiliger Betreiber verantwortlich.<\/p>\t\t\t\t\t\t<\/div>\n\t\t\t\t<\/div>\n\t\t<\/div><\/div><div class=\"elementor-element elementor-element-91cffdb e-container--row e-container\" data-id=\"91cffdb\" data-element_type=\"container\" data-settings=\"{&quot;background_background&quot;:&quot;classic&quot;,&quot;position&quot;:&quot;fixed&quot;}\">\t\t\t\t<div class=\"elementor-element elementor-element-9635956 elementor-widget elementor-widget-heading\" data-id=\"9635956\" data-element_type=\"widget\" data-widget_type=\"heading.default\">\n\t\t\t\t<div class=\"elementor-widget-container\">\n\t\t\t<h2 class=\"elementor-heading-title elementor-size-default\">W\u00e4hringer Str. 47\/3, 1090 Wien | turkuyilmazkaya.psychotherapie@gmail.com | Datenschutz | Impressum<\/h2>\t\t<\/div>\n\t\t\t\t<\/div>\n\t\t\t\t<div class=\"elementor-element elementor-element-d2a429a elementor-widget elementor-widget-heading\" data-id=\"d2a429a\" data-element_type=\"widget\" data-widget_type=\"heading.default\">\n\t\t\t\t<div class=\"elementor-widget-container\">\n\t\t\t<h2 class=\"elementor-heading-title elementor-size-default\"><a href=\"https:\/\/www.psyonline.at\/psychotherapeutin\/160224\">PsyOnline<\/a><\/h2>\t\t<\/div>\n\t\t\t\t<\/div>\n\t\t\t\t<div class=\"elementor-element elementor-element-70a1906 elementor-align-center elementor-widget elementor-widget-button\" data-id=\"70a1906\" data-element_type=\"widget\" data-widget_type=\"button.default\">\n\t\t\t\t<div class=\"elementor-widget-container\">\n\t\t\t\t\t<div class=\"elementor-button-wrapper\">\n\t\t\t<a href=\"#\" class=\"elementor-button-link elementor-button elementor-size-sm\" role=\"button\">\n\t\t\t\t\t\t<span class=\"elementor-button-content-wrapper\">\n\t\t\t\t\t\t<span class=\"elementor-button-text\">Soforthilfe<\/span>\n\t\t<\/span>\n\t\t\t\t\t<\/a>\n\t\t<\/div>\n\t\t\t\t<\/div>\n\t\t\t\t<\/div>\n\t\t<\/div><\/div><div class=\"elementor-element elementor-element-dc687db e-container--row e-container\" data-id=\"dc687db\" data-element_type=\"container\" data-settings=\"{&quot;background_background&quot;:&quot;classic&quot;,&quot;position&quot;:&quot;fixed&quot;}\">\t\t\t\t<div class=\"elementor-element elementor-element-c4c9f0d elementor-widget elementor-widget-heading\" data-id=\"c4c9f0d\" data-element_type=\"widget\" data-widget_type=\"heading.default\">\n\t\t\t\t<div class=\"elementor-widget-container\">\n\t\t\t<h2 class=\"elementor-heading-title elementor-size-default\">W\u00e4hringer Str. 47\/3, 1090 Wien | turkuyilmazkaya.psychotherapie@gmail.com | <\/h2>\t\t<\/div>\n\t\t\t\t<\/div>\n\t\t<div class=\"elementor-element elementor-element-cfb88ba e-container--row e-container\" data-id=\"cfb88ba\" data-element_type=\"container\">\t\t\t\t<div class=\"elementor-element elementor-element-7bff22e elementor-widget elementor-widget-heading\" data-id=\"7bff22e\" data-element_type=\"widget\" data-widget_type=\"heading.default\">\n\t\t\t\t<div class=\"elementor-widget-container\">\n\t\t\t<h2 class=\"elementor-heading-title elementor-size-default\"><a href=\"https:\/\/turkuyilmazkaya-psychotherapie.com\/index.php\/datenschutz\/\">Datenschutz<\/a><\/h2>\t\t<\/div>\n\t\t\t\t<\/div>\n\t\t\t\t<div class=\"elementor-element elementor-element-3ef35d1 elementor-widget elementor-widget-heading\" data-id=\"3ef35d1\" data-element_type=\"widget\" data-widget_type=\"heading.default\">\n\t\t\t\t<div class=\"elementor-widget-container\">\n\t\t\t<h2 class=\"elementor-heading-title elementor-size-default\"><a href=\"https:\/\/turkuyilmazkaya-psychotherapie.com\/index.php\/impressum\/\"> | Impressum |<\/a><\/h2>\t\t<\/div>\n\t\t\t\t<\/div>\n\t\t<\/div>\t\t<div class=\"elementor-element elementor-element-aeda9bd elementor-widget elementor-widget-heading\" data-id=\"aeda9bd\" data-element_type=\"widget\" data-widget_type=\"heading.default\">\n\t\t\t\t<div class=\"elementor-widget-container\">\n\t\t\t<h2 class=\"elementor-heading-title elementor-size-default\"><a href=\"https:\/\/www.psyonline.at\/psychotherapeutin\/160224\">PsyOnline<\/a><\/h2>\t\t<\/div>\n\t\t\t\t<\/div>\n\t\t\t\t<div class=\"elementor-element elementor-element-83ad0a2 elementor-align-center elementor-absolute elementor-widget elementor-widget-button\" data-id=\"83ad0a2\" data-element_type=\"widget\" data-settings=\"{&quot;_position&quot;:&quot;absolute&quot;}\" data-widget_type=\"button.default\">\n\t\t\t\t<div class=\"elementor-widget-container\">\n\t\t\t\t\t<div class=\"elementor-button-wrapper\">\n\t\t\t<a href=\"https:\/\/turkuyilmazkaya-psychotherapie.com\/index.php\/soforthilfe\/\" class=\"elementor-button-link elementor-button elementor-size-sm\" role=\"button\">\n\t\t\t\t\t\t<span class=\"elementor-button-content-wrapper\">\n\t\t\t\t\t\t<span class=\"elementor-button-text\">Soforthilfe<\/span>\n\t\t<\/span>\n\t\t\t\t\t<\/a>\n\t\t<\/div>\n\t\t\t\t<\/div>\n\t\t\t\t<\/div>\n\t\t<\/div><\/div><div class=\"elementor-element elementor-element-2f6febbc e-container--row e-container\" data-id=\"2f6febbc\" data-element_type=\"container\" data-settings=\"{&quot;background_background&quot;:&quot;classic&quot;,&quot;position&quot;:&quot;fixed&quot;}\">\t\t<div class=\"elementor-element elementor-element-17b49f5d e-container--column e-container\" data-id=\"17b49f5d\" data-element_type=\"container\">\t\t\t\t<div class=\"elementor-element elementor-element-6417b700 menu elementor-widget elementor-widget-heading\" data-id=\"6417b700\" data-element_type=\"widget\" id=\"n0\" data-widget_type=\"heading.default\">\n\t\t\t\t<div class=\"elementor-widget-container\">\n\t\t\t<h2 class=\"elementor-heading-title elementor-size-default\"><a href=\"https:\/\/turkuyilmazkaya-psychotherapie.com\/\">Mag.\u00aaT\u00fcrk\u00fc Yilmazkaya <\/a><\/h2>\t\t<\/div>\n\t\t\t\t<\/div>\n\t\t\t\t<div class=\"elementor-element elementor-element-3154d132 menu elementor-widget elementor-widget-heading\" data-id=\"3154d132\" data-element_type=\"widget\" id=\"n\" data-widget_type=\"heading.default\">\n\t\t\t\t<div class=\"elementor-widget-container\">\n\t\t\t<h2 class=\"elementor-heading-title elementor-size-default\"><a href=\"https:\/\/turkuyilmazkaya-psychotherapie.com\/\">Psychotherapeutin in Ausbildung unter Supervision<\/a><\/h2>\t\t<\/div>\n\t\t\t\t<\/div>\n\t\t<\/div><div class=\"elementor-element elementor-element-6b383be3 e-container--row e-container\" data-id=\"6b383be3\" data-element_type=\"container\" data-settings=\"{&quot;position&quot;:&quot;absolute&quot;}\">\t\t\t\t<div class=\"elementor-element elementor-element-48c92f9b elementor-absolute elementor-view-default elementor-widget elementor-widget-icon\" data-id=\"48c92f9b\" data-element_type=\"widget\" data-settings=\"{&quot;_position&quot;:&quot;absolute&quot;}\" data-widget_type=\"icon.default\">\n\t\t\t\t<div class=\"elementor-widget-container\">\n\t\t\t\t\t<div class=\"elementor-icon-wrapper\">\n\t\t\t<a class=\"elementor-icon\" href=\"https:\/\/turkuyilmazkaya-psychotherapie.com\/\">\n\t\t\t<i aria-hidden=\"true\" class=\"fas fa-window-close\"><\/i>\t\t\t<\/a>\n\t\t<\/div>\n\t\t\t\t<\/div>\n\t\t\t\t<\/div>\n\t\t<\/div><\/div>\t\t\t\t\t<\/div>\n\t\t","protected":false},"excerpt":{"rendered":"<p>Impressum Informationspflicht laut \u00a75 E-Commerce Gesetz, \u00a714 Unternehmensgesetzbuch, \u00a763 Gewerbeordnung und\u00a0 Offenlegungspflicht laut \u00a725 Mediengesetz. Dienstanbieterin &amp; Medieninhaberin: Mag.\u00aa T\u00fcrk\u00fc Y\u0131lmazkaya\u00a0 W\u00e4hrinngerstra\u00dfe 47\/3 1090 Wien \u00d6sterreich Telefon: +43 660 956 5508E-Mail: turkuyilmazkaya.psychotherapie@gmail.com Unternehmensgegenstand: Psychotherapie (Verhaltenstherapie) Gesetzliche Grundlage:\u00a0Psychotherapiegesetz (einsehbar unter\u00a0https:\/\/www.ris.bka.gv.at\/\u00a0) Aufsichtsbeh\u00f6rde:\u00a0Bundesministerium f\u00fcr Gesundheit Berufsbezeichnung: Psychotherapeutin\u00a0 in Ausbildung unter Supervision Gerichtsstand:\u00a0Wien Verleihungsstaat:\u00a0\u00d6sterreich Copyright: Die auf dieser Website\u00a0ver\u00f6ffentlichten [&hellip;]<\/p>\n","protected":false},"author":1,"featured_media":0,"parent":0,"menu_order":0,"comment_status":"closed","ping_status":"closed","template":"elementor_canvas","meta":{"_monsterinsights_skip_tracking":false,"_monsterinsights_sitenote_active":false,"_monsterinsights_sitenote_note":"","_monsterinsights_sitenote_category":0,"footnotes":""},"class_list":["post-911","page","type-page","status-publish","hentry"],"yoast_head":"<!-- This site is optimized with the Yoast SEO plugin v19.9 - https:\/\/yoast.com\/wordpress\/plugins\/seo\/ -->\n<title>Impressum - T\u00fcrk\u00fc Yilmazkaya<\/title>\n<meta name=\"robots\" content=\"index, follow, max-snippet:-1, max-image-preview:large, max-video-preview:-1\" \/>\n<link rel=\"canonical\" href=\"https:\/\/turkuyilmazkaya-psychotherapie.com\/index.php\/impressum\/\" \/>\n<meta property=\"og:locale\" content=\"en_US\" \/>\n<meta property=\"og:type\" content=\"article\" \/>\n<meta property=\"og:title\" content=\"Impressum - T\u00fcrk\u00fc Yilmazkaya\" \/>\n<meta property=\"og:description\" content=\"Impressum Informationspflicht laut \u00a75 E-Commerce Gesetz, \u00a714 Unternehmensgesetzbuch, \u00a763 Gewerbeordnung und\u00a0 Offenlegungspflicht laut \u00a725 Mediengesetz. Dienstanbieterin &amp; Medieninhaberin: Mag.\u00aa T\u00fcrk\u00fc Y\u0131lmazkaya\u00a0 W\u00e4hrinngerstra\u00dfe 47\/3 1090 Wien \u00d6sterreich Telefon: +43 660 956 5508E-Mail: turkuyilmazkaya.psychotherapie@gmail.com Unternehmensgegenstand: Psychotherapie (Verhaltenstherapie) Gesetzliche Grundlage:\u00a0Psychotherapiegesetz (einsehbar unter\u00a0https:\/\/www.ris.bka.gv.at\/\u00a0) Aufsichtsbeh\u00f6rde:\u00a0Bundesministerium f\u00fcr Gesundheit Berufsbezeichnung: Psychotherapeutin\u00a0 in Ausbildung unter Supervision Gerichtsstand:\u00a0Wien Verleihungsstaat:\u00a0\u00d6sterreich Copyright: Die auf dieser Website\u00a0ver\u00f6ffentlichten [&hellip;]\" \/>\n<meta property=\"og:url\" content=\"https:\/\/turkuyilmazkaya-psychotherapie.com\/index.php\/impressum\/\" \/>\n<meta property=\"og:site_name\" content=\"T\u00fcrk\u00fc Yilmazkaya\" \/>\n<meta property=\"article:modified_time\" content=\"2026-01-22T09:10:59+00:00\" \/>\n<meta name=\"twitter:card\" content=\"summary_large_image\" \/>\n<meta name=\"twitter:label1\" content=\"Est. reading time\" \/>\n\t<meta name=\"twitter:data1\" content=\"2 minutes\" \/>\n<script type=\"application\/ld+json\" class=\"yoast-schema-graph\">{\"@context\":\"https:\/\/schema.org\",\"@graph\":[{\"@type\":\"WebPage\",\"@id\":\"https:\/\/turkuyilmazkaya-psychotherapie.com\/index.php\/impressum\/\",\"url\":\"https:\/\/turkuyilmazkaya-psychotherapie.com\/index.php\/impressum\/\",\"name\":\"Impressum - T\u00fcrk\u00fc Yilmazkaya\",\"isPartOf\":{\"@id\":\"https:\/\/turkuyilmazkaya-psychotherapie.com\/#website\"},\"datePublished\":\"2022-12-29T08:34:06+00:00\",\"dateModified\":\"2026-01-22T09:10:59+00:00\",\"breadcrumb\":{\"@id\":\"https:\/\/turkuyilmazkaya-psychotherapie.com\/index.php\/impressum\/#breadcrumb\"},\"inLanguage\":\"en-US\",\"potentialAction\":[{\"@type\":\"ReadAction\",\"target\":[\"https:\/\/turkuyilmazkaya-psychotherapie.com\/index.php\/impressum\/\"]}]},{\"@type\":\"BreadcrumbList\",\"@id\":\"https:\/\/turkuyilmazkaya-psychotherapie.com\/index.php\/impressum\/#breadcrumb\",\"itemListElement\":[{\"@type\":\"ListItem\",\"position\":1,\"name\":\"Home\",\"item\":\"https:\/\/turkuyilmazkaya-psychotherapie.com\/\"},{\"@type\":\"ListItem\",\"position\":2,\"name\":\"Impressum\"}]},{\"@type\":\"WebSite\",\"@id\":\"https:\/\/turkuyilmazkaya-psychotherapie.com\/#website\",\"url\":\"https:\/\/turkuyilmazkaya-psychotherapie.com\/\",\"name\":\"T\u00fcrk\u00fc Yilmazkaya\",\"description\":\"Psychotherapie in Wien\",\"potentialAction\":[{\"@type\":\"SearchAction\",\"target\":{\"@type\":\"EntryPoint\",\"urlTemplate\":\"https:\/\/turkuyilmazkaya-psychotherapie.com\/?s={search_term_string}\"},\"query-input\":\"required name=search_term_string\"}],\"inLanguage\":\"en-US\"}]}<\/script>\n<!-- \/ Yoast SEO plugin. -->","yoast_head_json":{"title":"Impressum - T\u00fcrk\u00fc Yilmazkaya","robots":{"index":"index","follow":"follow","max-snippet":"max-snippet:-1","max-image-preview":"max-image-preview:large","max-video-preview":"max-video-preview:-1"},"canonical":"https:\/\/turkuyilmazkaya-psychotherapie.com\/index.php\/impressum\/","og_locale":"en_US","og_type":"article","og_title":"Impressum - T\u00fcrk\u00fc Yilmazkaya","og_description":"Impressum Informationspflicht laut \u00a75 E-Commerce Gesetz, \u00a714 Unternehmensgesetzbuch, \u00a763 Gewerbeordnung und\u00a0 Offenlegungspflicht laut \u00a725 Mediengesetz. Dienstanbieterin &amp; Medieninhaberin: Mag.\u00aa T\u00fcrk\u00fc Y\u0131lmazkaya\u00a0 W\u00e4hrinngerstra\u00dfe 47\/3 1090 Wien \u00d6sterreich Telefon: +43 660 956 5508E-Mail: turkuyilmazkaya.psychotherapie@gmail.com Unternehmensgegenstand: Psychotherapie (Verhaltenstherapie) Gesetzliche Grundlage:\u00a0Psychotherapiegesetz (einsehbar unter\u00a0https:\/\/www.ris.bka.gv.at\/\u00a0) Aufsichtsbeh\u00f6rde:\u00a0Bundesministerium f\u00fcr Gesundheit Berufsbezeichnung: Psychotherapeutin\u00a0 in Ausbildung unter Supervision Gerichtsstand:\u00a0Wien Verleihungsstaat:\u00a0\u00d6sterreich Copyright: Die auf dieser Website\u00a0ver\u00f6ffentlichten [&hellip;]","og_url":"https:\/\/turkuyilmazkaya-psychotherapie.com\/index.php\/impressum\/","og_site_name":"T\u00fcrk\u00fc Yilmazkaya","article_modified_time":"2026-01-22T09:10:59+00:00","twitter_card":"summary_large_image","twitter_misc":{"Est. reading time":"2 minutes"},"schema":{"@context":"https:\/\/schema.org","@graph":[{"@type":"WebPage","@id":"https:\/\/turkuyilmazkaya-psychotherapie.com\/index.php\/impressum\/","url":"https:\/\/turkuyilmazkaya-psychotherapie.com\/index.php\/impressum\/","name":"Impressum - T\u00fcrk\u00fc Yilmazkaya","isPartOf":{"@id":"https:\/\/turkuyilmazkaya-psychotherapie.com\/#website"},"datePublished":"2022-12-29T08:34:06+00:00","dateModified":"2026-01-22T09:10:59+00:00","breadcrumb":{"@id":"https:\/\/turkuyilmazkaya-psychotherapie.com\/index.php\/impressum\/#breadcrumb"},"inLanguage":"en-US","potentialAction":[{"@type":"ReadAction","target":["https:\/\/turkuyilmazkaya-psychotherapie.com\/index.php\/impressum\/"]}]},{"@type":"BreadcrumbList","@id":"https:\/\/turkuyilmazkaya-psychotherapie.com\/index.php\/impressum\/#breadcrumb","itemListElement":[{"@type":"ListItem","position":1,"name":"Home","item":"https:\/\/turkuyilmazkaya-psychotherapie.com\/"},{"@type":"ListItem","position":2,"name":"Impressum"}]},{"@type":"WebSite","@id":"https:\/\/turkuyilmazkaya-psychotherapie.com\/#website","url":"https:\/\/turkuyilmazkaya-psychotherapie.com\/","name":"T\u00fcrk\u00fc Yilmazkaya","description":"Psychotherapie in Wien","potentialAction":[{"@type":"SearchAction","target":{"@type":"EntryPoint","urlTemplate":"https:\/\/turkuyilmazkaya-psychotherapie.com\/?s={search_term_string}"},"query-input":"required name=search_term_string"}],"inLanguage":"en-US"}]}},"_links":{"self":[{"href":"https:\/\/turkuyilmazkaya-psychotherapie.com\/index.php\/wp-json\/wp\/v2\/pages\/911","targetHints":{"allow":["GET"]}}],"collection":[{"href":"https:\/\/turkuyilmazkaya-psychotherapie.com\/index.php\/wp-json\/wp\/v2\/pages"}],"about":[{"href":"https:\/\/turkuyilmazkaya-psychotherapie.com\/index.php\/wp-json\/wp\/v2\/types\/page"}],"author":[{"embeddable":true,"href":"https:\/\/turkuyilmazkaya-psychotherapie.com\/index.php\/wp-json\/wp\/v2\/users\/1"}],"replies":[{"embeddable":true,"href":"https:\/\/turkuyilmazkaya-psychotherapie.com\/index.php\/wp-json\/wp\/v2\/comments?post=911"}],"version-history":[{"count":7,"href":"https:\/\/turkuyilmazkaya-psychotherapie.com\/index.php\/wp-json\/wp\/v2\/pages\/911\/revisions"}],"predecessor-version":[{"id":997,"href":"https:\/\/turkuyilmazkaya-psychotherapie.com\/index.php\/wp-json\/wp\/v2\/pages\/911\/revisions\/997"}],"wp:attachment":[{"href":"https:\/\/turkuyilmazkaya-psychotherapie.com\/index.php\/wp-json\/wp\/v2\/media?parent=911"}],"curies":[{"name":"wp","href":"https:\/\/api.w.org\/{rel}","templated":true}]}}